{"id":3046,"date":"2024-04-22T10:56:37","date_gmt":"2024-04-22T08:56:37","guid":{"rendered":"https:\/\/feuer-born.de\/?page_id=3046"},"modified":"2025-06-02T16:43:44","modified_gmt":"2025-06-02T14:43:44","slug":"mein-wunschchoral-on-tour","status":"publish","type":"page","link":"https:\/\/feuer-born.de\/?page_id=3046","title":{"rendered":"Mein Wunschchoral on Tour"},"content":{"rendered":"<p><a href=\"https:\/\/feuer-born.de\/wp-content\/uploads\/2025\/06\/Mein-Wunschchoral-on-Tour-Postkarten_Seite_1.jpg\" rel=\"shadowbox[sbpost-3046];player=img;\"><img loading=\"lazy\" decoding=\"async\" class=\"alignnone wp-image-3500 size-large\" src=\"https:\/\/feuer-born.de\/wp-content\/uploads\/2025\/06\/Mein-Wunschchoral-on-Tour-Postkarten_Seite_1-1024x638.jpg\" alt=\"\" width=\"980\" height=\"611\" srcset=\"https:\/\/feuer-born.de\/wp-content\/uploads\/2025\/06\/Mein-Wunschchoral-on-Tour-Postkarten_Seite_1-1024x638.jpg 1024w, https:\/\/feuer-born.de\/wp-content\/uploads\/2025\/06\/Mein-Wunschchoral-on-Tour-Postkarten_Seite_1-300x187.jpg 300w, https:\/\/feuer-born.de\/wp-content\/uploads\/2025\/06\/Mein-Wunschchoral-on-Tour-Postkarten_Seite_1-768x478.jpg 768w, https:\/\/feuer-born.de\/wp-content\/uploads\/2025\/06\/Mein-Wunschchoral-on-Tour-Postkarten_Seite_1-1536x956.jpg 1536w, https:\/\/feuer-born.de\/wp-content\/uploads\/2025\/06\/Mein-Wunschchoral-on-Tour-Postkarten_Seite_1.jpg 1696w\" sizes=\"auto, (max-width: 980px) 100vw, 980px\" \/><\/a><\/p>\n<p><a href=\"https:\/\/feuer-born.de\/wp-content\/uploads\/2025\/06\/Mein-Wunschchoral-on-Tour-Postkarten_Seite_2.jpg\" rel=\"shadowbox[sbpost-3046];player=img;\"><img loading=\"lazy\" decoding=\"async\" class=\"alignnone wp-image-3501\" src=\"https:\/\/feuer-born.de\/wp-content\/uploads\/2025\/06\/Mein-Wunschchoral-on-Tour-Postkarten_Seite_2.jpg\" alt=\"\" width=\"779\" height=\"557\" srcset=\"https:\/\/feuer-born.de\/wp-content\/uploads\/2025\/06\/Mein-Wunschchoral-on-Tour-Postkarten_Seite_2.jpg 1198w, https:\/\/feuer-born.de\/wp-content\/uploads\/2025\/06\/Mein-Wunschchoral-on-Tour-Postkarten_Seite_2-300x215.jpg 300w, https:\/\/feuer-born.de\/wp-content\/uploads\/2025\/06\/Mein-Wunschchoral-on-Tour-Postkarten_Seite_2-1024x733.jpg 1024w, https:\/\/feuer-born.de\/wp-content\/uploads\/2025\/06\/Mein-Wunschchoral-on-Tour-Postkarten_Seite_2-768x549.jpg 768w\" sizes=\"auto, (max-width: 779px) 100vw, 779px\" \/><\/a><\/p>\n<h6><span style=\"color: #008000;\">Mein Wunschchoral ist eine musikalische Vesper mit Orgelmusik:<\/span><\/h6>\n<h6><span style=\"color: #008000;\">Auch der Weg ist das Ziel:<\/span><\/h6>\n<ul>\n<li>\n<h6><span style=\"color: #008000;\">Wer m\u00f6chte kann mit uns unter der F\u00fchrung von \u00a0Klaus Gennet \u00a0gem\u00fctlich zum Zielort radeln. Dazu treffen wir uns um 16 Uhr auf dem K\u00fchlmannplatz.<\/span><\/h6>\n<\/li>\n<li>\n<h6><span style=\"color: #008000;\">Um 16:30 Uhr werden wir am Zielort erwartet. Dann beginnt eine kurze Kirchenf\u00fchrung.<\/span><\/h6>\n<\/li>\n<li>\n<h6><span style=\"color: #008000;\">Man kann selbstst\u00e4ndig anreisen.<\/span><\/h6>\n<\/li>\n<\/ul>\n<h6><span style=\"color: #008000;\"><strong>Um 17 Uhr beginnt die musikalische Vesper mit Orgelmusik zum jeweiligen Thema:<\/strong><\/span><\/h6>\n<h6><\/h6>\n<h6><span style=\"color: #008000;\">Details zu den einzelnen Programm folgen rechtzeitig.<\/span><\/h6>\n","protected":false},"excerpt":{"rendered":"<p>Mein Wunschchoral ist eine musikalische Vesper mit Orgelmusik: Auch der Weg ist das Ziel: Wer m\u00f6chte kann mit uns unter der F\u00fchrung von \u00a0Klaus Gennet \u00a0gem\u00fctlich zum Zielort radeln. Dazu treffen wir uns um 16 Uhr auf dem K\u00fchlmannplatz. Um 16:30 Uhr werden wir am Zielort erwartet. Dann beginnt eine kurze Kirchenf\u00fchrung. Man kann selbstst\u00e4ndig anreisen. Um 17 Uhr beginnt die musikalische Vesper mit Orgelmusik zum jeweiligen Thema: Details zu den einzelnen Programm folgen rechtzeitig.<\/p>\n","protected":false},"author":1,"featured_media":0,"parent":0,"menu_order":0,"comment_status":"closed","ping_status":"closed","template":"","meta":{"_acf_changed":false,"footnotes":""},"class_list":["post-3046","page","type-page","status-publish","hentry"],"acf":[],"_links":{"self":[{"href":"https:\/\/feuer-born.de\/index.php?rest_route=\/wp\/v2\/pages\/3046","targetHints":{"allow":["GET"]}}],"collection":[{"href":"https:\/\/feuer-born.de\/index.php?rest_route=\/wp\/v2\/pages"}],"about":[{"href":"https:\/\/feuer-born.de\/index.php?rest_route=\/wp\/v2\/types\/page"}],"author":[{"embeddable":true,"href":"https:\/\/feuer-born.de\/index.php?rest_route=\/wp\/v2\/users\/1"}],"replies":[{"embeddable":true,"href":"https:\/\/feuer-born.de\/index.php?rest_route=%2Fwp%2Fv2%2Fcomments&post=3046"}],"version-history":[{"count":16,"href":"https:\/\/feuer-born.de\/index.php?rest_route=\/wp\/v2\/pages\/3046\/revisions"}],"predecessor-version":[{"id":3503,"href":"https:\/\/feuer-born.de\/index.php?rest_route=\/wp\/v2\/pages\/3046\/revisions\/3503"}],"wp:attachment":[{"href":"https:\/\/feuer-born.de\/index.php?rest_route=%2Fwp%2Fv2%2Fmedia&parent=3046"}],"curies":[{"name":"wp","href":"https:\/\/api.w.org\/{rel}","templated":true}]}}